 - -1)?
1
Calculate (-32 + 11 - -10) + 5.
-6
7 + (-6 - 0 - (-11 + 3))
9
Calculate (-8 - -21) + -16 - 9.
-12
4 - (-16 + -7 + 14)
13
What is 26 - (-5 + (-5 - -40))?
-4
What is the value of 22 + 3 + -17 - (8 - (-1 - -2))?
1
Calculate -45 - (-7 - (14 + -6)).
-30
Evaluate 1 - 0 - ((-15 - (7 - 8)) + 14).
1
Evaluate 2 - (-10 - (-1 - 1)) - 26.
-16
What is -9 - (9 + -42 + 13)?
11
What is (-8 + -5 - (-6 + -21)) + (5 - 2)?
17
Evaluate 11 - 15 - -4 - (-8 + 16).
-8
Calculate (3 - (-7 + 4)) + (4 - (-4 - -12)).
2
2 - (10 - (20 + -4)) - 7
1
Evaluate 5 - (-20 - (-32 + 17)).
10
What is (1 - 6 - -1) + (-13 - (7 - 16))?
-8
Evaluate (-541 - -534) + -1 + 1 + 13.
6
Calculate -18 + 0 - (-4 - (-29 - -32)).
-11
Evaluate (5 - (4 + -1 - 1)) + (-16 - -22).
9
What is -3 + 7 + -9 + -17 + 7?
-15
What is the value of (2 - 4) + 12 + -32 + -8 + 20?
-10
Calculate -11 + (15 - -8) + -8.
4
What is the value of -9 - -1 - (-37 + 19 - 1)?
11
Calculate 8 + (6 - 8) - ((0 - -5) + 5).
-4
Evaluate -6 + (-6 - (-29 + (4 - (-3 + 3)))).
13
Evaluate -2 + (-3 - (-9 - 1)).
5
Evaluate 17 - (11 - 4 - -4 - 10).
16
Calculate -5 - -3 - (6 + -9).
1
Calculate 24 - (58 + -21 - 18).
5
Evaluate 571 + -566 + 1 + (-26 - 2).
-22
20 - 28 - (3 - -4)
-15
Evaluate 3 - -2 - (34 + -2 + -12).
-15
Calculate (17 - 10) + -11 - -4.
0
Evaluate 35 + -39 + (2 - (-2 - -5)).
-5
Evaluate 12 + -9 - (-4 + -17 - -6 - -3).
15
What is the value of (-19 - -24) + -9 + 1 + -1 + 2?
-2
Evaluate 0 + -5 + (25 - 19).
1
Calculate -7 - (-9 + (-4 - -5 - -13)).
-12
What is the value of (2 + (-5 - 0) - 3) + 14?
8
(6 - 9) + -10 + 25
12
What is the value of 425 + -425 + -7 + 2 + -1?
-6
What is 31 - (13 - -12) - (-2 + -2)?
10
Evaluate -9 + (-3 - (-13 + 4) - -5) - 23.
-21
Evaluate 9 + (-14 - -26) - 25.
-4
Calculate 1 + -5 + -46 + 45 + 17.
12
1 - ((-8 - -1) + 16) - (-14 + 7)
-1
Evaluate 6 - 0 - (38 - 38) - (-1 + -2).
9
Calculate 3 + -9 + -9 + 17 + 1.
3
-914 + 888 - (-1 + -36)
11
Evaluate (-52 - (-43 - -37)) + 21.
-25
Calculate (-9 + -4 + 4 - -2) + -1 + 9.
1
What is (0 - -8) + 4 + -5 + -23 + -6?
-22
Calculate -47 + 7 + 20 + 51.
31
Calculate -16 + 1 - (2 - (-9 + 20)).
-6
-7 - (1 + 4 + -15 + 0) - 1
2
(-4 - (-16 - 4 - 1)) + 17 + -15
19
Evaluate -26 - (11 + -33 + 6).
-10
-12 + 9 + 0 + (7 - 2) + -12
-10
Calculate 2 + -1 - (-15 + 11 - 2) - -1.
8
What is the value of 165 + -116 - (-1 - -30)?
20
What is the value of 6 - ((2 - (2 - 6)) + (47 - 59))?
12
Calculate -1 + -3 + (-121 - -124).
-1
2 + (-5 - -11) - (1 + 1 + 0)
6
Calculate -2 + 1 - (2 + (-10 - -13)) - -8.
2
What is -7 + (-1 - -10) + 2 + -1 + -3?
0
Evaluate 11 + -15 + -10 + 3 - -5.
-6
Evaluate -5 + -10 + (-6 - -8) - 8.
-21
What is 12 - (2 - -1 - 2) - (10 - 12)?
13
What is -13 - (6 + -13 - -1) - (-2 - -1)?
-6
Evaluate (-44 - -42) + (-3 - (-2 + 1)).
-4
What is 0 + -11 - -17 - (-1 - (2 + -17))?
-8
Calculate -8 - -14 - 5 - (-5 + -4 + 3).
7
Evaluate (7 - (39 + -51)) + (-8 - -1).
12
Calculate 8 + (0 - 4) + (-1 - 1) + 7.
9
7 + -8 + -5 + -3 + 8 + -5
-6
What is the value of -8 + 1 + (19 - (0 + (10 - 10)))?
12
Evaluate -4 + 0 + 2 + 1 + -5 + 4.
-2
Calculate (-7 - (4 - 1)) + 3 + (14 - -2).
9
3 + (1 - -10 - (-9 - -19))
4
-14 + (-2 - -16) + 17 + -23
-6
-3 - (12 + (3 - 2) + (27 - 25))
-18
(-16 - (10 + -14)) + 6 + 2
-4
(-13 + 16 - (-10 - 1)) + (1 - 1)
14
What is the value of -3 - -1 - 3 - 2 - (195 - 199)?
-3
What is the value of -22 + (-9 - 1) + 11 + 1 + 0?
-20
What is the value of 21 + (-23 - -44 - 42)?
0
Calculate -2 + (314 - 281 - (1 + 9)).
21
What is -14 + 16 + -19 + -9?
-26
-1 + 1 + -10 + (-519 - -519) - 6
-16
What is the value of 0 + 0 + -1 - (-18 + (42 - 28))?
3
Evaluate 21 + -20 + 1 + 8.
10
What is 6 - (1 + 0) - (42 + 15 + -54)?
2
Evaluate (-12 - ((8 - 14) + (-3 - -6))) + 2.
-7
Calculate 1 + 57 + -26 + -37.
-5
What is 2 + 7 + 7 + -4 + -7 + 4?
9
Evaluate -6 - (0 + 41 - 17).
-30
What is ((-4 - -8 - 8) + 0 - 5) + -7?
-16
Evaluate 11 - (-8 + 2 + 10) - -9.
16
What is the value of (-6 + 1 - ((15 - -18) + -42)) + -10?
-6
Evaluate -4 + (-6 - 16) + 36.
10
What is the value of (-7 - (0 + 0)) + (-6 - -10) + 1?
-2
What is -16 + (12 - 1) + 7?
2
Evaluate -7 - (-23 + 59 + -36).
-7
Calculate 21 + -4 + -10 - 5.
2
What is the value of (-221 - -193) + 1 + 53?
26
What is 7 - ((23 - 18) + (-2 + 3 - -6))?
-5
Evaluate (0 - 5 - ((7 - 10) + 9)) + 3.
-8
What is the value of 44 - ((10 + 5 - 16) + 16)?
29
Evaluate -9 + (5 + 3 - 13).
-14
What is 22 - (-2 + 18) - 16?
-10
What is 5 + -23 + 14 + 1?
-3
(22 - 22 - 18) + 4
-14
Calculate (5 - 2) + (8 - (0 + 14) - 3).
-6
Calculate (7 - 1) + (16 - (15 + 1)) + 3.
9
Calculate (-6 - -6 - 3) + (-3 - (-17 + 1)).
10
What is 16 - (1 - (21 - (20 + 9 + -17)))?
24
Evaluate 1 + 7 + (-9 + 6 - 8 - 21).
-24
Evaluate -5 + 10 + 3 - (0 - (18 + 8)).
34
Calculate 14 + (-10 - -16) + -27.
-7
What is 0 - (4 + -14 + (7 - 13 - -19))?
-3
Evaluate 8 + (11 - 11) + -13.
-5
What is the value of -169 - -150 - (0 + -27)?
8
Calculate 6 + -2 + (12 - 9) - 12.
-5
Evaluate 5 + (-26 - (-18 - -2)).
-5
Evaluate 8 + ((-7 - (-11 + -3)) + -15 - 13).
-13
What is 9 + -13 + -3 + 9 + -6?
-4
What is the value of -5 - -9 - 0 - (4 - 14 - -7)?
7
Calculate 3 + -4 + 7 - 19.
-13
What is -2 - (2 + (-25 - -8 - -8))?
5
Evaluate -9 - (-13 + 3 - (57 - 51)).
7
What is the value of 30 - 23 - 1 - 23?
-17
What is (13 - (34 - 25)) + (-7 - -2) + -1?
-2
Evaluate -14 + 8 + 8 + 1 + -1.
2
What is the value of -9 + 12 + 3 + -8?
-2
Evaluate (7 + -6 - 5) + (1 - 0) + 14.
11
What is 13 - (26 + 6 + -19)?
0
Calculate -14 + 20 + -3 + 8.
11
Calculate (195 - 209) + (0 - 5).
-19
What is 25 + -11 + -14 + 4?
4
What is 5 + -2 + (-13 - (0 - 9)) + -6?
-7
What is the value of 9 - 20 - -9 - (1 + -11 + -3)?
11
What is -35 + (-21 - -44) - -12?
0
What is the value of -1 + 0 + -3 + -125 + 126 + -9?
-12
(-3 - -21) + (22 - 17)
23
What is the value of 22 - (-2 - 9) - 10?
23
What is the value of -31 - (-54 + 17) - (-5 + -2)?
13
Evaluate 1 + -17 + (-22 - (37 - 45)).
-30
Evaluate (-7 - (-17 + 2)) + (-3 - 0) + -4.
1
What is -23 + (-21 - -35) - -11?
2
Evaluate (-47 - -96) + -32 + (-5 + 0 - -1).
13
What is the value of (5 - (4 + -6 + -6 + 14)) + -14?
-15
What is the value of (1 - -8 - 2) + -6?
1
What is the value of (-5 - -6) + -2 - -3 - 15?
-13
Evaluate 1 + -6 + 21 + -8.
8
Calculate -15 + (-1 - -8 - 3 - 1).
-12
What is the value of -12 + (3 - 12) + (4 - 6) + 5?
-18
What is the value of -7 + -19 + (-6 - -3)?
-29
Evaluate -7 - (2 + -7) - (52 + -65).
11
Calculate (2 + 1 - 8) + -19 + 19 + 21.
16
Calculate -50 - (28 - 72) - (0 + -5 + 0).
-1
Calculate -46 - (11 - 6 - 10) - -11.
-30
Evaluate -11 - (25 + -49 - -17).
-4
Evaluate -1 + 1 + 15 + -19 + 0.
-4
Evaluate (-6 - 3) + (11 - 5 - 4).
-7
(-1 - -46) + (1688 - 1732)
1
What is the value of -10 - (-25 + 17 + -9)?
7
Evaluate 14 + -8 + (10 - (1 + 1)).
14
Evaluate (-2 - -11) + (-13 - -7 - 0).
3
Calculate (-3 - -13 - ((14 - 1) + 0)) + -24.
-27
Evaluate (-23 + 9 - -10) + (7 - 2).
1
14 - (4 + (-19 - (-8 + 9)))
30
Calculate 8 + ((-7 - (-5 - 4)) + -8 - 18).
-16
Evaluate ((8 - -13) + -11 - 6) + (-1 - -6).
9
-2 + 9 - (21 - 24)
10
(5 - 5) + 9 - 15 - -16
10
Calculate 22 + 0 + 12 - 13 - -5.
26
What is the value of -255 + 250 + (-2 + 1 + 1 - 0)?
-5
Evaluate (58 - 3) + (16 - 11) + -22.
38
Evaluate 1 - (8 - (15 + -3 + -28)).
-23
(3 - -2 - 12) + -2 + 23 + -1
13
Evaluate -25 + (34 - (-17 - -20)).
6
Evaluate -11 - (-8 + -1 + -11).
9
Evaluate 14 - (-17 + -1 + (21 - 8)).
19
-6 - (5 - 1 - 11)
1
What is (-11 - (4 - 3 - -2)) + (64 - 58)?
-8
What is 2 + 3 + (-16 - 1)?
-12
0 + 12 + -11 + 7 - 22
-14
Calculate (-10 - -19) + -8 + 12.
13
Calculate (5 - (-14 + 6)) + -11 + -39.
-37
(-10 - -2) + (26 - 8) + -9 + -22
-21
Calculate (-6 - 0 - 1) + (-2 - -3) + 18.
12
What is (4 - (9 - (3 + 5))) + -6?
-3
What is (-1 - -4) + (8 + -6 - 6) - 10?
-11
What is the value of (-153 - -155 - (-21 + 0)) + -6?
17
What is the value of -4 + 0 + -6 + (-9 + 15 - -6)?
2
-30 - (-4 + (2 + -10 - (-73 + 56)))
-35
Calculate -5 + -3 + -9 + 6 + 2.
-9
Calculate -19 + (-39 - -45) + -7.
-20
Evaluate -7 + 1 - (14 + -19) - (-9 - 9).
17
What is -3 + -1 - (12 - (8 + 9))?
1
What is the value of -22 + 3 + 214 + -194?
1
What is the value of -5 + (-3 - -5 - (-7 + 9) - -10)?
5
Calculate 3 + -1 + 2 + 16 + (11 - 15).
16
What is the value of 6 + (6 - 0) + (-106 - -114)?
20
-2 + 18 + -44 - -31
3
(2 + -1 + -14 - -9) + -2
-6
(5